0 and 147663180?
60
Calculate the highest common factor of 415 and 2444923945.
415
Calculate the highest common divisor of 45714483 and 189.
27
What is the highest common divisor of 45428964 and 56?
28
What is the greatest common factor of 122930974 and 7083?
787
Calculate the highest common factor of 25520 and 409770.
290
Calculate the highest common factor of 3756 and 1191699924.
3756
Calculate the greatest common factor of 18998255 and 10.
5
What is the greatest common divisor of 2193531 and 2001?
87
What is the highest common divisor of 364320 and 20064?
1056
Calculate the greatest common divisor of 2032 and 1637008.
16
Calculate the highest common divisor of 18553882 and 3538.
122
Calculate the greatest common factor of 51121521 and 53.
53
What is the greatest common divisor of 24903840 and 2600?
520
Calculate the highest common factor of 9968 and 61151188.
2492
What is the highest common factor of 1020 and 1890940?
20
Calculate the greatest common factor of 793 and 12502932.
13
What is the greatest common factor of 11710725 and 20475?
975
Calculate the highest common divisor of 3382 and 7869469.
89
What is the greatest common factor of 1565697 and 833?
49
Calculate the greatest common factor of 2143205 and 998.
499
What is the greatest common divisor of 15770492 and 544?
68
Calculate the highest common factor of 603137060 and 820.
820
Calculate the highest common factor of 124584 and 72616.
232
What is the greatest common divisor of 115046 and 207583?
2501
Calculate the highest common divisor of 1150386 and 157178.
218
What is the greatest common divisor of 319 and 339271?
29
Calculate the greatest common factor of 57623208 and 1776.
888
What is the highest common divisor of 35655 and 14340?
15
What is the highest common factor of 1002041 and 7199?
23
What is the highest common factor of 72027465 and 35315?
5045
Calculate the highest common divisor of 4082701 and 532.
133
What is the highest common divisor of 233464 and 5544?
616
What is the highest common factor of 10 and 265419590?
10
Calculate the greatest common factor of 492097 and 24287.
163
What is the highest common factor of 6844834 and 9410?
1882
What is the highest common divisor of 5600 and 1992160?
160
Calculate the highest common divisor of 20 and 12709880.
20
What is the greatest common factor of 804093 and 13735974?
7377
Calculate the greatest common factor of 21888 and 1409952.
1824
Calculate the greatest common factor of 2629561 and 277277.
3047
Calculate the highest common divisor of 107301520 and 80.
80
What is the greatest common factor of 18915 and 476367?
291
Calculate the highest common divisor of 670 and 30978790.
670
What is the greatest common factor of 188116 and 17859532?
1436
What is the greatest common factor of 207386 and 215938?
2138
Calculate the greatest common divisor of 8614925 and 385.
55
What is the highest common factor of 13016584 and 1288?
56
What is the highest common divisor of 28 and 16910236?
28
Calculate the greatest common divisor of 109761790 and 20.
10
What is the greatest common divisor of 11328850 and 5075?
725
What is the highest common divisor of 48 and 15133688?
8
Calculate the highest common divisor of 13391 and 52367.
7
Calculate the highest common divisor of 531 and 32050157.
59
Calculate the highest common factor of 15 and 25216488.
3
Calculate the greatest common factor of 30358 and 106606.
706
What is the greatest common divisor of 3438 and 15830271?
1719
What is the highest common divisor of 395 and 790418305?
395
Calculate the highest common divisor of 758077 and 58523.
1361
What is the highest common factor of 155081700 and 3750?
150
Calculate the greatest common factor of 1605 and 1384580.
535
Calculate the greatest common divisor of 18 and 12926889.
9
What is the highest common factor of 524 and 107493622?
262
Calculate the greatest common factor of 237835 and 148200.
65
Calculate the highest common divisor of 408 and 2229.
3
What is the greatest common divisor of 13 and 4841993?
13
What is the greatest common divisor of 3243 and 155618?
23
Calculate the greatest common factor of 39525 and 308975.
425
What is the greatest common divisor of 728 and 3797352?
104
What is the greatest common factor of 73976 and 2716?
28
Calculate the greatest common divisor of 823080 and 278160.
2280
Calculate the highest common factor of 341113708 and 4.
4
Calculate the greatest common divisor of 75 and 4536915.
15
Calculate the greatest common factor of 2256 and 1336152.
24
Calculate the greatest common factor of 679572 and 114140.
1756
Calculate the greatest common factor of 94041 and 791802.
1161
Calculate the greatest common divisor of 14 and 98249396.
14
Calculate the highest common divisor of 242850 and 22.
2
What is the greatest common factor of 29 and 161128872?
29
What is the highest common divisor of 443184 and 25536?
336
What is the highest common divisor of 2828924 and 15194?
142
Calculate the highest common factor of 2654338 and 46322.
874
What is the greatest common factor of 176277 and 150951?
201
Calculate the greatest common divisor of 2412280 and 4472.
104
What is the highest common divisor of 25296 and 1816688?
272
Calculate the greatest common factor of 416 and 31591456.
416
Calculate the greatest common factor of 74711 and 14651.
91
Calculate the highest common divisor of 19 and 3819456.
19
What is the highest common factor of 81 and 6081129?
27
What is the highest common divisor of 26839383 and 195627?
3207
Calculate the greatest common factor of 529 and 584177.
23
What is the greatest common factor of 11300 and 39434740?
2260
Calculate the greatest common divisor of 3186 and 961464.
354
Calculate the greatest common divisor of 13378675 and 1171.
1171
What is the highest common factor of 35220533 and 3199?
457
What is the greatest common divisor of 7350455 and 644?
161
What is the highest common divisor of 54744923 and 109?
109
Calculate the greatest common divisor of 8964305 and 41503.
343
Calculate the greatest common factor of 293 and 777935803.
293
What is the highest common divisor of 9712733 and 655?
131
Calculate the highest common factor of 168 and 4469080.
56
Calculate the highest common factor of 28964 and 121342.
26
Calculate the greatest common factor of 32848 and 48364574.
4106
Calculate the greatest common factor of 49923368 and 16420.
3284
Calculate the highest common factor of 3256 and 31842052.
1628
Calculate the highest common divisor of 3413592694 and 10267.
10267
What is the highest common divisor of 14879792 and 8?
8
Calculate the highest common divisor of 64 and 100198304.
32
Calculate the greatest common factor of 38318 and 2332568.
322
What is the highest common divisor of 13761 and 12513402?
99
What is the highest common divisor of 290224 and 1733456?
272
Calculate the greatest common divisor of 3388350 and 103775.
175
What is the greatest common divisor of 981 and 791684331?
327
What is the greatest common divisor of 79157091 and 39?
39
What is the greatest common divisor of 75152 and 1997996?
308
Calculate the greatest common divisor of 41708985 and 165.
15
Calculate the highest common divisor of 125503 and 623.
7
Calculate the highest common divisor of 8695 and 108565.
5
What is the greatest common divisor of 253 and 10351957?
11
Calculate the highest common factor of 128 and 1298267072.
64
Calculate the highest common divisor of 18411 and 250800.
57
What is the highest common divisor of 316143 and 2241?
27
What is the greatest common factor of 7735 and 2214420?
1105
What is the highest common divisor of 99 and 8228349459?
99
Calculate the highest common divisor of 12373555 and 35.
5
Calculate the highest common factor of 14111 and 286134.
103
What is the greatest common factor of 26001 and 11097?
81
Calculate the greatest common factor of 4281 and 19408627.
1427
Calculate the highest common divisor of 27 and 285487767.
27
What is the highest common divisor of 1398 and 481506?
6
Calculate the greatest common factor of 1380438 and 345348.
954
Calculate the highest common divisor of 658 and 71295504.
14
Calculate the highest common factor of 763 and 1098284.
109
What is the highest common divisor of 244732 and 4948564?
4148
Calculate the greatest common divisor of 124595 and 4105.
5
Calcula